 5) in base 4?
-13
132 (base 8) to base 16
5a
What is -8 (base 14) in base 15?
-8
What is 107 (base 10) in base 11?
98
What is 1 (base 2) in base 8?
1
-1 (base 12) to base 2
-1
Convert 3 (base 6) to base 13.
3
Convert 4 (base 16) to base 13.
4
Convert -110 (base 2) to base 14.
-6
Convert 2a (base 15) to base 7.
55
1 (base 3) to base 7
1
6 (base 12) to base 3
20
What is -110 (base 3) in base 10?
-12
2 (base 4) to base 13
2
What is -110 (base 2) in base 6?
-10
Convert -36 (base 7) to base 16.
-1b
What is 16 (base 10) in base 3?
121
What is 401 (base 5) in base 13?
7a
What is -3 (base 8) in base 15?
-3
Convert 2 (base 16) to base 13.
2
What is -1002 (base 6) in base 11?
-189
What is -12 (base 7) in base 2?
-1001
141 (base 15) to base 14
166
Convert 1 (base 12) to base 16.
1
1 (base 12) to base 5
1
What is -32 (base 6) in base 9?
-22
What is -33 (base 4) in base 9?
-16
Convert -162 (base 10) to base 5.
-1122
What is -1b (base 14) in base 4?
-121
-130 (base 5) to base 4
-220
What is -20 (base 5) in base 9?
-11
What is 10 (base 8) in base 5?
13
-9 (base 15) to base 12
-9
-1 (base 14) to base 6
-1
Convert -229 (base 10) to base 5.
-1404
Convert 0 (base 8) to base 15.
0
Convert 4 (base 7) to base 6.
4
Convert 4 (base 6) to base 8.
4
-2 (base 4) to base 7
-2
What is -1 (base 6) in base 4?
-1
Convert 2 (base 10) to base 13.
2
What is -12 (base 4) in base 6?
-10
Convert 43 (base 10) to base 5.
133
-51 (base 6) to base 16
-1f
-a (base 14) to base 2
-1010
What is c (base 15) in base 6?
20
21 (base 13) to base 12
23
Convert -157 (base 15) to base 13.
-1a8
Convert -1 (base 3) to base 2.
-1
What is -1 (base 7) in base 10?
-1
Convert -115 (base 6) to base 11.
-43
253 (base 6) to base 9
126
What is -5 (base 9) in base 16?
-5
-111 (base 2) to base 5
-12
Convert -19 (base 13) to base 2.
-10110
What is 5 (base 11) in base 13?
5
3 (base 4) to base 2
11
What is -1100 (base 4) in base 5?
-310
Convert -323 (base 4) to base 14.
-43
What is 5 (base 14) in base 6?
5
Convert 2c (base 15) to base 5.
132
Convert -95 (base 10) to base 13.
-74
Convert a (base 11) to base 9.
11
0 (base 13) to base 2
0
Convert -1 (base 16) to base 3.
-1
What is 6 (base 12) in base 2?
110
Convert -4 (base 12) to base 10.
-4
What is -a (base 15) in base 12?
-a
Convert 97 (base 11) to base 3.
10221
What is -3 (base 12) in base 10?
-3
-35 (base 10) to base 13
-29
-11 (base 6) to base 9
-7
Convert 84 (base 10) to base 7.
150
What is 121 (base 8) in base 13?
63
0 (base 16) to base 8
0
-1 (base 10) to base 11
-1
Convert 2 (base 3) to base 6.
2
101 (base 6) to base 9
41
-3 (base 12) to base 4
-3
What is -32 (base 5) in base 11?
-16
Convert -2013 (base 4) to base 9.
-160
What is -22 (base 15) in base 14?
-24
What is -33 (base 5) in base 6?
-30
Convert 1 (base 7) to base 8.
1
Convert 3 (base 8) to base 10.
3
What is -5 (base 10) in base 4?
-11
2 (base 3) to base 2
10
Convert 18 (base 9) to base 3.
122
Convert 454 (base 6) to base 9.
217
18 (base 11) to base 6
31
Convert 20 (base 7) to base 2.
1110
-11 (base 2) to base 13
-3
Convert -21 (base 4) to base 14.
-9
What is 12 (base 8) in base 4?
22
What is -4 (base 12) in base 13?
-4
1220 (base 6) to base 9
363
1 (base 4) to base 7
1
What is 21 (base 3) in base 14?
7
Convert -12 (base 4) to base 13.
-6
Convert 1122 (base 3) to base 7.
62
-24 (base 10) to base 8
-30
What is -7 (base 10) in base 5?
-12
Convert 13 (base 4) to base 3.
21
What is 174 (base 9) in base 7?
301
e (base 16) to base 11
13
What is 66 (base 8) in base 7?
105
Convert 200 (base 9) to base 16.
a2
What is -10 (base 4) in base 2?
-100
What is 12 (base 14) in base 11?
15
Convert -133 (base 4) to base 5.
-111
-c (base 13) to base 5
-22
Convert 4a (base 12) to base 6.
134
Convert -402 (base 7) to base 9.
-240
Convert -2b (base 12) to base 9.
-38
23 (base 7) to base 9
18
What is 11 (base 4) in base 10?
5
What is -126 (base 11) in base 2?
-10010101
-9 (base 13) to base 11
-9
Convert -13 (base 6) to base 7.
-12
What is 0 (base 8) in base 14?
0
-a (base 12) to base 15
-a
What is -3 (base 15) in base 12?
-3
Convert 62 (base 12) to base 5.
244
-4 (base 10) to base 8
-4
What is 8 (base 11) in base 3?
22
Convert 1 (base 14) to base 7.
1
54 (base 6) to base 10
34
What is 2 (base 5) in base 7?
2
Convert 1 (base 3) to base 6.
1
0 (base 12) to base 10
0
-1 (base 16) to base 7
-1
What is -10100001 (base 2) in base 16?
-a1
-376 (base 10) to base 9
-457
Convert 0 (base 10) to base 4.
0
Convert 45 (base 6) to base 12.
25
-73 (base 9) to base 16
-42
Convert -1001101 (base 2) to base 7.
-140
Convert 44 (base 5) to base 2.
11000
What is 28 (base 11) in base 10?
30
Convert -2 (base 5) to base 7.
-2
-1 (base 9) to base 16
-1
What is -1332 (base 6) in base 15?
-17e
Convert 22 (base 9) to base 13.
17
Convert -244 (base 5) to base 4.
-1022
0 (base 3) to base 7
0
-35 (base 9) to base 8
-40
What is 11 (base 15) in base 3?
121
-3 (base 8) to base 6
-3
Convert a (base 11) to base 12.
a
Convert b (base 16) to base 12.
b
What is 20200 (base 3) in base 13?
10b
1d (base 15) to base 4
130
14 (base 10) to base 13
11
What is -2 (base 11) in base 5?
-2
What is -51 (base 6) in base 16?
-1f
Convert -1001 (base 2) to base 14.
-9
What is 10 (base 2) in base 6?
2
What is -102 (base 3) in base 4?
-23
Convert 5 (base 13) to base 14.
5
9 (base 14) to base 8
11
What is -8 (base 12) in base 7?
-11
47 (base 8) to base 4
213
Convert 110 (base 2) to base 11.
6
Convert -a (base 14) to base 15.
-a
Convert 1001010 (base 2) to base 7.
134
Convert -5 (base 16) to base 12.
-5
What is -4 (base 11) in base 14?
-4
What is -6 (base 11) in base 3?
-20
4 (base 7) to base 11
4
What is -58 (base 14) in base 12?
-66
12 (base 11) to base 15
d
9 (base 14) to base 6
13
12 (base 11) to base 3
111
What is -3 (base 8) in base 9?
-3
Convert -1010 (base 2) to base 13.
-a
What is -16 (base 10) in base 13?
-13
Convert -48 (base 10) to base 16.
-30
What is 215 (base 9) in base 5?
1201
-42 (base 14) to base 3
-2011
What is 0 (base 8) in base 10?
0
0 (base 14) to base 7
0
What is 3 (base 6) in base 9?
3
Convert 5 (base 10) to base 11.
5
What is -263 (base 8) in base 5?
-1204
What is 5 (base 16) in base 11?
5
What is 3 (base 9) in base 12?
3
What is 2 (base 8) in base 14?
2
Convert -9c (base 14) to base 7.
-255
Convert -10001110 (base 2) to base 10.
-142
3 (base 6) to base 8
3
Convert -18 (base 14) to base 16.
-16
-8 (base 11) to base 16
-8
Convert -9 (base 12) to base 15.
-9
12 (base 12) to base 10
14
-12 (base 14) to base 4
-100
3 (base 11) to base 12
3
-1 (base 3) to base 5
-1
-2303 (base 5) to base 16
-148
Convert -3 (base 10) to base 5.
-3
What is -1 (base 4) in base 15?
-1
Convert 0 (base 4) to base 16.
0
2c (base 15) to base 11
39
Convert 6 (base 10) to base 2.
110
What is -59 (base 10) in base 15?
-3e
What is 152 (base 9) in base 3?
11202
-7 (base 10) to base 15
-7
31 (base 5) to base 9
17
What is -5 (base 15) in base 14?
-5
0 (base 4) to base 5
0
Convert 40 (base 5) to base 2.
10100
What is 4 (base 5) in base 6?
4
What is 22 (base 12) in base 15?
1b
What is -242 (base 7) in base 9?
-152
Convert 1021 (base 3) to base 16.
22
1210 (base 3) to base 9
53
100110 (base 2) to base 15
28
What is 5 (base 12) in base 5?
10
What is -1 (base 3) in base 16?
-1
Convert 36 (base 15) to base 10.
51
Convert -63 (base 10) to base 9.
-70
Convert -611 (base 7) to base 10.
-302
0 (base 4) to base 8
0
Convert 14 (base 16) to base 5.
40
2 (base 6) to base 11
2
-100101100 (base 2) to base 3
-102010
Convert -132 (base 6) to base 2.
-111000
What is 1103 (base 4) in base 2?
1010011
Convert -2 (base 7) to base 3.
-2
1 (base 4) to base 12
1
What is -8 (base 15) in base 6?
-12
Convert -1110000 (base 2) to base 11.
-a2
-120 (base 3) to base 4
-33
What is 3 (base 5) in base 14?
3
What is 3 (base 4) in base 13?
3
Convert -1b5 (base 12) to base 16.
-119
1011 (base 3) to base 5
111
3 (base 16) to base 8
3
Convert 0 (base 9) to base 15.
0
d8 (base 15) to base 4
3023
2 (base 13) to base 11
2
Convert 5 (base 14) to base 6.
5
-8 (base 13) to base 12
-8
What is -13 (base 4) in base 6?
-11
1113 (base 5) to base 13
c2
a (base 16) to base 15
a
102 (base 6) to base 14
2a
Convert a (base 13) to base 4.
22
What is 122 (base 8) in base 16?
52
0 (base 3) to base 7
0
-1 (base 10) to base 12
-1
-9 (base 14) to